e?
True
Is 654891287 composite?
False
Is 1206131 a composite number?
False
Is 37900397 a composite number?
False
Is 44910067 a prime number?
False
Is 122094793 prime?
True
Is 4903331 a composite number?
True
Is 101833 prime?
True
Is 1812851 a composite number?
False
Is 284595041 prime?
True
Is 612021 a composite number?
True
Is 1321973 composite?
True
Is 1356061 prime?
False
Is 592967 a prime number?
True
Is 178510391 composite?
True
Is 2525153 prime?
False
Is 2431477 composite?
True
Is 1283857 a prime number?
False
Is 18658213 a composite number?
True
Is 47106863 composite?
False
Is 243669 a composite number?
True
Is 911933 composite?
True
Is 18910571 prime?
True
Is 11389381 a composite number?
False
Is 3272147 composite?
False
Is 3046517 composite?
True
Is 2862331 prime?
False
Is 207103033 prime?
False
Is 13555327 composite?
True
Is 4589569 a composite number?
True
Is 127652471 a prime number?
True
Is 31427309 prime?
False
Is 245209511 composite?
False
Is 601846823 composite?
False
Is 1183019 a composite number?
True
Is 201631 composite?
True
Is 43768513 prime?
False
Is 2532721 composite?
False
Is 17260997 composite?
True
Is 925909 composite?
True
Is 88004407 composite?
True
Is 462101069 a composite number?
False
Is 40403437 prime?
False
Is 1248383 a composite number?
False
Is 108073671 composite?
True
Is 72729079 a prime number?
True
Is 521959 composite?
True
Is 13128569 composite?
True
Is 11177657 composite?
True
Is 314414 a composite number?
True
Is 8160001 prime?
False
Is 12955223 a prime number?
False
Is 2625397 prime?
True
Is 5518817 a composite number?
False
Is 24810761 a prime number?
True
Is 252650113 a composite number?
False
Is 435059 composite?
False
Is 30727463 a composite number?
True
Is 143509009 a prime number?
False
Is 13887431 a prime number?
False
Is 2437399 a composite number?
False
Is 1269661 composite?
True
Is 21029527 a composite number?
True
Is 3207049 a prime number?
False
Is 5095537 a prime number?
True
Is 10487 a prime number?
True
Is 2786449 a composite number?
True
Is 202926874 composite?
True
Is 5732983 composite?
False
Is 30981607 composite?
True
Is 156083 prime?
False
Is 142753687 a composite number?
False
Is 41788798 a prime number?
False
Is 4796207 a prime number?
False
Is 43881251 a composite number?
True
Is 64258981 composite?
False
Is 12395891 prime?
True
Is 395172053 prime?
True
Is 266773373 composite?
True
Is 334868333 prime?
True
Is 2500145 prime?
False
Is 8773369 prime?
False
Is 43356851 a composite number?
True
Is 16915609 composite?
False
Is 68075099 prime?
True
Is 22970851 a prime number?
True
Is 221909 a prime number?
True
Is 35733553 a prime number?
True
Is 15918971 a composite number?
False
Is 83392745 a prime number?
False
Is 26016911 a prime number?
True
Is 345654431 prime?
False
Is 196616809 a prime number?
True
Is 22247711 prime?
False
Is 19097371 a composite number?
True
Is 2942099 a prime number?
True
Is 30874133 a composite number?
False
Is 685831 a prime number?
False
Is 336334627 a composite number?
False
Is 18046733 prime?
False
Is 3809461 composite?
False
Is 199412441 a composite number?
False
Is 1592719 composite?
True
Is 6981943 prime?
True
Is 21323591 prime?
True
Is 38657253 prime?
False
Is 3476227 a prime number?
False
Is 4953805 a prime number?
False
Is 30333497 a prime number?
True
Is 1857194 a prime number?
False
Is 13434571 prime?
True
Is 902281 a composite number?
False
Is 930789743 composite?
True
Is 14971249 prime?
True
Is 9178847 a composite number?
True
Is 20103565 prime?
False
Is 20221079 prime?
True
Is 69259823 prime?
False
Is 11564741 a prime number?
True
Is 4159091 a composite number?
False
Is 48828289 a composite number?
False
Is 1549199 a composite number?
False
Is 43712583 a composite number?
True
Is 159702589 a composite number?
False
Is 762359903 a composite number?
False
Is 17544633 prime?
False
Is 746303 a composite number?
False
Is 29791441 prime?
False
Is 111723637 prime?
False
Is 467752073 a prime number?
True
Is 169379605 composite?
True
Is 6789901 a composite number?
False
Is 19922863 a prime number?
False
Is 4510601 prime?
True
Is 661448509 prime?
True
Is 277720987 composite?
False
Is 3127877 a prime number?
True
Is 6985039 composite?
True
Is 1960367 a composite number?
True
Is 21592723 prime?
True
Is 60700723 prime?
True
Is 57961 a composite number?
True
Is 11616713 prime?
False
Is 5510693 composite?
False
Is 2982361 a prime number?
False
Is 13432049 prime?
False
Is 30134333 prime?
True
Is 34869421 a prime number?
False
Is 586451 a prime number?
False
Is 2647243 composite?
False
Is 5797783 a prime number?
True
Is 50089807 composite?
False
Is 14588629 a composite number?
True
Is 4123489 prime?
True
Is 13682663 composite?
False
Is 25816447 composite?
False
Is 8228009 a prime number?
True
Is 899789 a composite number?
True
Is 2540659 a prime number?
False
Is 377114989 composite?
True
Is 615232373 prime?
False
Is 61331 composite?
False
Is 86696399 a composite number?
True
Is 16252193 prime?
True
Is 42903167 a prime number?
True
Is 7229837 composite?
True
Is 95085343 a prime number?
True
Is 27130723 composite?
True
Is 522711929 prime?
True
Is 4723283 prime?
True
Is 728961641 a composite number?
False
Is 148095399 a prime number?
False
Is 1418353 prime?
True
Is 28155629 a composite number?
True
Is 120616651 a prime number?
True
Is 754133 prime?
True
Is 24148643 a prime number?
False
Is 6211657 composite?
False
Is 19092586 a composite number?
True
Is 20246398 a composite number?
True
Is 14869847 prime?
False
Is 442961 a prime number?
True
Is 2681899 a prime number?
False
Is 35226853 a prime number?
True
Is 5208817021 a prime number?
True
Is 23352727 composite?
False
Is 8918743 a composite number?
False
Is 14255419 a composite number?
False
Is 172649 prime?
True
Is 12406109 composite?
True
Is 16521259 a prime number?
True
Is 599473 a composite number?
True
Is 3110437 a prime number?
False
Is 2515853 composite?
False
Is 602545201 composite?
False
Is 918049 composite?
True
Is 9076423 a prime number?
False
Is 23568191 composite?
True
Is 6795807 prime?
False
Is 3902929 a composite number?
False
Is 127913 a composite number?
False
Is 528991 a composite number?
False
Is 2677673 prime?
True
Is 64533767 a composite number?
False
Is 5963237 prime?
False
Is 316187621 a prime number?
False
Is 19908379 composite?
False
Is 90636067 a prime number?
True
Is 768941 composite?
False
Is 24020245 a composite number?
True
Is 983407 prime?
True
Is 3862343 composite?
False
Is 154860307 a composite number?
True
Is 738394 a composite number?
True
Is 12866937 prime?
False
Is 35514338 composite?
True
Is 7254701 composite?
True
Is 350122 composite?
True
Is 141527843 a composite number?
True
Is 354914103 prime?
False
Is 18242281 composite?
False
Is 70836901 a prime number?
True
Is 1243283 prime?
False
Is 2025746323 prime?
True
Is 207756917 prime?
False
Is 243559 composite?
True
Is 59039193 a prime number?
False
Is 8271749 a prime number?
False
Is 14851271 a composite number?
False
Is 1895590685 composite?
True
Is 17129599 a prime number?
True
Is 19381979 prime?
True
Is 10712773 prime?
True
Is 1300501 composite?
False
Is 554526779 prime?
False
Is 10226159 prime?
False
Is 6534571 a composite number?
True
Is 14153749 prime?
True
Is 528136289 a prime number?
True
Is 313829207 a composite number?
False
Is 5860691 composite?
True
Is 199997981 composite?
False
Is 16483669 a composite number?
True
Is 720907 a prime number?
False
Is 15736471 prime?
False
Is 1454143 a composite number?
False
Is 23601433 a composite number?
False
Is 1547383 prime?
True
Is 506502713 a prime number?
False
Is 9667769 a composite number?
False
Is 151078679 composite?
False
Is 1850671 a prime number?
False
Is 1677427 a composite number?
True
Is 2490979 prime?
False
Is 209817227 a prime number?
True
Is 1038997 a prime number?
False
Is 6042343 a prime number?
False
Is 82673 composite?
True
Is 41035199 prime?
False
Is 17163077 prime?
True
Is 481477 a composite number?
True
Is 23857903 a composite number?
False
Is 378256687 composite?
False
Is 8020037 a prime number?
False
Is 314652227 prime?
False
Is 2047027 a composite number?
True
Is 29565337 a composite number?
False
Is 52969459 prime?
False
Is 12590441 a prime numbe